i.
5, 23
Let x(y) = 2*y**2 + 6*y + 8. Let z be x(-6). Let k = z + -32. What are the prime factors of k?
2, 3
Suppose 221 = 5*x + 3*p - 416, 5*p = 4*x - 517. What are the prime factors of x?
2
Let v(n) = n**2 - 10*n + 16. Let j(b) = 2*b - 6. Let c be j(7). Let w be v(c). Suppose 2*o - 159 + 29 = w. List the prime factors of o.
5, 13
What are the prime factors of ((-904)/(-12))/(1/60)?
2, 5, 113
Let p(b) = -10 - 2 - b - 3. Let l be p(8). Let k = -15 - l. What are the prime factors of k?
2
Suppose -z + 20 = -5*z + 4*g, -z + 4*g = 20. Let b be (-2 - -3)*25/5. Suppose z = b*x - 2*x - 39. List the prime factors of x.
13
Suppose 7*u - 10*u = 0. Let r = -20 - -22. Suppose u = -r*v + 5 + 11. List the prime factors of v.
2
Suppose 5*g = -4*a + 6517, -2*g - g + 3*a + 3894 = 0. List the prime factors of g.
1301
Suppose 2*o + 49 - 213 = 0. Let s = o + 49. List the prime factors of s.
131
Suppose -3*p + 2*k = 2*p - 10, -3*p + 32 = 4*k. Let l = p + 1. Suppose l*t - 248 + 83 = 0. What are the prime factors of t?
3, 11
Let h(z) = 1793*z**3 - 3*z**2 - 2*z + 4. What are the prime factors of h(1)?
2, 7
List the prime factors of -7 + (-112)/(-7) - -396.
3, 5
Let w = 114 + -77. Let s(l) = -3*l - w + 11*l + 43. What are the prime factors of s(4)?
2, 19
Suppose -7*y = -3*y - 44. Suppose y*t - 504 = 2*t. List the prime factors of t.
2, 7
What are the prime factors of (-4 + -1 - 12)*38/(-2)?
17, 19
Suppose 7*s + 1933 = 5*a + 4*s, 0 = 4*a - 5*s - 1549. Let v = a + -262. What are the prime factors of v?
2, 31
Let p be ((-28)/(-8) - 4)*2. Let y be 2 + (1207 + p)/3. Suppose y = 4*l + 152. What are the prime factors of l?
3, 7
Let y be (4/(-6))/((-20)/(-570)). Let g = -10 - y. Let x = 19 - g. List the prime factors of x.
2, 5
Suppose 7*f - 2*f - 391 = -3*d, 144 = 2*f - 5*d. What are the prime factors of f?
7, 11
Suppose -50*o + 26480 = -34*o. What are the prime factors of o?
5, 331
List the prime factors of (-34)/(-17) + (-1451)/(3/(-3)).
1453
Let s(k) = 47*k + 3. Let a(r) = 10*r + 61. Let h be a(-6). List the prime factors of s(h).
2, 5
Suppose 4*o - 18 - 14 = 0. Suppose 6*c + 38 = o. List the prime factors of (c/(-2) + -2)*78.
3, 13
Suppose 0 = 5*c - 2*b - 2588 - 12832, 2*c - 6168 = -b. List the prime factors of c.
2, 3, 257
List the prime factors of (2285/(-3))/(51/(-153)).
5, 457
Suppose q - 6*q = -q. Suppose -o + 2*j + 56 = q, 3*j + 0*j = -3*o + 141. List the prime factors of o.
2, 5
Let z = -308 + 1158. What are the prime factors of z?
2, 5, 17
Suppose -25 = 5*l, 10*l + 1629 = 2*x + 11*l. What are the prime factors of x?
19, 43
Let a = 1497 + -859. What are the prime factors of a?
2, 11, 29
Let g(j) = 6*j**2 + 4*j + 3. Suppose d - 2*l + 3 = 0, -5*d - 3*l + 5*l = 39. Let q be d/2*6/9. List the prime factors of g(q).
3, 5
What are the prime factors of ((3/(-2))/(-1))/(96/129280)?
2, 5, 101
Let n be 168/20 - (-6)/(-15). What are the prime factors of ((-34)/n)/(1 + 26/(-24))?
3, 17
Suppose 2*g - 27 = -7. Suppose -6*j = -g*j. Suppose j = 5*v - 97 - 73. List the prime factors of v.
2, 17
Let z = 711 - 397. List the prime factors of z.
2, 157
Let d be -4 + (-2)/(-1) - 110/(-22). Suppose -5*k + 1745 = -5*m, 2*k + 341 = d*k + 3*m. What are the prime factors of k?
347
Let i(u) = 4*u**2 + 16*u + 29. What are the prime factors of i(-10)?
269
What are the prime factors of (1*-2260)/(22/(-22))?
2, 5, 113
Suppose 3 = 3*c, -r + 2568 = 20*c - 23*c. What are the prime factors of r?
3, 857
Let s(y) = -15*y + 407. List the prime factors of s(-6).
7, 71
Let y = 2 - -3. Suppose y*v - u = 76, 3*u + 2 + 1 = 0. Let d(s) = s**3 - 14*s**2 - 15*s + 13. List the prime factors of d(v).
13
Let b(m) = 6*m**2 + 33*m + 24. List the prime factors of b(-9).
3, 71
Let o(j) = j**3 - 7*j**2 + 7*j - 3. Let k be o(6). Suppose 3 = -x, k*g + 126 = 5*g + 2*x. List the prime factors of g.
2, 3, 11
Let o = 42 + -83. Let z = 118 + o. List the prime factors of z.
7, 11
Let g(u) = u**2 + 4*u - 5. Let w be g(-8). Let p = -31 + w. What are the prime factors of p/18 + 3605/63?
3, 19
Suppose 3872 = 2*w + 5*u - 6570, 4*u + 26039 = 5*w. What are the prime factors of w?
3, 193
List the prime factors of ((-1269)/2)/((15/(-6))/5).
3, 47
Let d = 25 - 23. Suppose -194 = -d*m + 6*m + 2*y, 4*y - 140 = 3*m. Let o = -26 - m. List the prime factors of o.
2, 11
Let j be (-22)/(-10) + 10/(-50). What are the prime factors of (6/(-18))/(j/(-888))?
2, 37
Suppose 446 = 5*c + 71. Let y(k) = k**3 - 8*k**2 + 15*k - 13. Let m be y(6). Suppose -m*u = -2*h - c, 32 = 3*u + h - 24. What are the prime factors of u?
17
Suppose a + 3*w = -a - 2, 3*a + 1 = -4*w. Suppose -a*d = 6*p - 2*p - 696, 0 = -5*d + 4*p + 664. List the prime factors of d.
2, 17
List the prime factors of 7/(0 + 7) + (-6390)/(-2).
2, 17, 47
Suppose 9*r = 5369 + 1804. What are the prime factors of r?
797
Let d be 185/65 - (-4)/26. Suppose -s + 3*l - 9 = -2*s, 2*s - d = -l. Suppose -4*u + 147 + 49 = s. List the prime factors of u.
7
List the prime factors of -1 + 62*(-4 + 23).
11, 107
Suppose 7*r - 4*r = -3*g + 16329, -4*r + 16327 = 3*g. What are the prime factors of g?
3, 5, 11
Let j = 383 - -1653. List the prime factors of j.
2, 509
Suppose -2*b + u + 1126 = -u, b = 5*u + 555. Suppose -6*g = -g - 5*r - b, -4*r = -g + 98. List the prime factors of g.
2, 59
Let i(s) = -4*s + 23. List the prime factors of i(-13).
3, 5
Let v(r) = r**2 + 9*r - 7. Let t be v(-10). Suppose -441 = -t*o + 174. What are the prime factors of o?
5, 41
Suppose -a + s + 305 = 6*s, 4*s - 1236 = -4*a. List the prime factors of a.
2, 5, 31
Suppose 2*y + 5*l = 231, -y - 11*l + 6*l + 108 = 0. What are the prime factors of y?
3, 41
Suppose -11*c - 4 = -12*c. Suppose -2*y + c = 0, 2*x + 3*x - 1167 = 4*y. Suppose -g - 4*g - 3*f + x = 0, -4*g - 4*f + 188 = 0. List the prime factors of g.
47
Let n(c) = c**2 + 11*c + 13. Let a be n(-10). Suppose 0 = a*h - l - 320, 2*h + 3*l + 2*l = 219. What are the prime factors of h?
107
Let s(i) be the third derivative of -i**5/60 - 19*i**4/24 - 7*i**3/3 + 10*i**2. What are the prime factors of s(-12)?
2, 5, 7
Let u be 284/(-213)*(-4 + (0 - -1)). Suppose -5*l + 0*b = u*b - 383, 4*l - 322 = 2*b. What are the prime factors of l?
79
Let w(b) = 2*b**2 + 5*b - 4. Let t be 150/(-24) - (-2)/8. What are the prime factors of w(t)?
2, 19
Let c be (1/(-3))/(3/9). Let i be c/(-1 + 87/90). Let s = -16 + i. List the prime factors of s.
2, 7
Suppose 12*q - 8*q - 1632 = 0. Suppose -5*w - 1055 = -5*m, -3*m + w + q = -221. What are the prime factors of m?
11, 19
Let j be 71*3/(2 - -1). Let l = 178 - j. List the prime factors of l.
107
Let a = -6357 - -10629. List the prime factors of a.
2, 3, 89
Let z(j) = -6*j. Let w be z(8). Let g = 84 + w. List the prime factors of g.
2, 3
Suppose 0 = 7*f - 11*f + 432. List the prime factors of 3 + (-2)/(f/(-100) + 1).
2, 7
Suppose -2*r = d + 20, 11*r = 4*d + 14*r + 85. Let o(g) = 16*g - 2. Let h be o(3). Let i = d + h. List the prime factors of i.
2, 3
Suppose 0 = r + 2*q - 7*q - 276, 5*r - 5*q - 1300 = 0. List the prime factors of r.
2
Let z be -2 + 0 + 4/1 + 2. Suppose -3*f + 32 = -3*x + 125, z*f + 155 = 5*x. List the prime factors of x.
31
Suppose -3*j + 99 = -4*h, j - 25 = -0*j + 4*h. Suppose a = 4*q + j, 38 = 3*a - 3*q - 28. What are the prime factors of a?
17
List the prime factors of (0 - 2/(-4)) + (-3870)/(-4).
2, 11
Suppose w + 4*w - d = 80, -3*w + 5*d + 70 = 0. Let s = 20 + w. What are the prime factors of 6/(-1)*s/(-21)?
2, 5
What are the prime factors of (62 - (-4 - -4)) + 5?
67
List the prime factors of ((7185/(-3))/(-5) - 0) + 5.
2, 11
Let x(t) = -4*t. Let d be x(4). Let v = d + 45. What are the prime factors of v?
29
Let o(d) = -d**2 + 6*d - 4. Let p be o(4). Let b(z) = 4 + 0*z - 4*z + p - 11. What are the prime factors of b(-6)?
3, 7
Let y be (-28)/((-11)/((-308)/(-8))). Let d be 0 + -69 - 0/1. Let g = y + d. List the prime factors of g.
29
Let p be 4/7 - (-50)/35. Suppose -5*a - 4*x + 110 = 0, -p*x + 22 = a + 6. What are the prime factors of a?
2, 13
Suppose 4*w = 4*x - 92, 0 = -0*x - 3*x + 4*w + 65. List the prime factors of (-2)/(-3 - -2)*x.
2, 3
Suppose 7 = 5*q + 2, -f + 36 = 4*q. Let b = 22 + -1. Let w = f - b. What are the prime factors of w?
11
Let p(f) = f**3 - 20*f**2 + 5. Let v be p(20). Suppose -60 = 3*q - v*q. List the prime factors